vative of h**5/20 + h**4/3 - h**3/6 + h. Suppose 7 = m - 1. Let b be (3 + -6)*m/6. Determine f(b).
4
Let m(a) = -4*a**2 + 4*a - 3. Suppose -2*l - 3 = -7. Suppose 3 = 3*g - 2*g + b, l*g = -3*b + 7. Give m(g).
-11
Let t(i) = 6*i + 7. Let z(y) = 7*y + 8. Let h(s) = -6*t(s) + 5*z(s). Suppose -7 - 1 = -4*w. Calculate h(w).
-4
Let f(l) = 20*l**2 - 2*l - 1. Let v be f(-1). Suppose 5*s - 6 = -v. Let g(j) = -2*j**2 - 3*j. Give g(s).
-9
Let l be (-4 + 3 + 0)*-3. Suppose 0 = z + l*z + 16. Let x(t) = -t - 4. Calculate x(z).
0
Let g(q) = -3*q - 1. Suppose -2*y + 5 - 1 = 2*r, -2*r + 13 = -y. Suppose 0 = -4*c + r*c - 5. Suppose -4*d + c = b - 2*d, 0 = -4*b + 5*d - 6. Give g(b).
-4
Let o = -4 - -2. Let f(t) = -t + 4. Let w be f(11). Let d(n) = 2*n**2 - n - 1. Let g(c) = c**2 - c - 1. Let s(y) = w*g(y) + 4*d(y). Determine s(o).
1
Let f be (30/24)/((-4)/16*1). Let d(k) = -5*k + 7. Let u(j) = 3*j - 3. Let h(v) = 4*d(v) + 7*u(v). Determine h(f).
2
Let m(s) = s**3 - 2*s**2 + s + 1. Let q(a) = -a**2 - a + 2*a + 27 - 28. Let n(r) = -m(r) - 2*q(r). Calculate n(3).
1
Suppose 4*d + b = 6*b - 10, 8 = -4*d + 4*b. Suppose v + d*v = 5. Suppose z = v*x + 11, -5*x + 3*z - 3 = -0*z. Let h(u) = -u**2 - 4*u + 3. Give h(x).
6
Let g(o) = -2*o - 3*o + o - 5. Determine g(-6).
19
Let f(b) be the second derivative of -b**4/12 + 2*b**3/3 + 5*b**2/2 + 18*b. Give f(-4).
-27
Suppose -5*q + 25 = 0, -5*h + 4*h = 4*q - 25. Suppose -4*d = h + 11. Let j(w) = -w**3 - 5*w**2 - 2*w + 2. Determine j(d).
-6
Suppose -2*v = 2*n - 0*v - 8, 0 = -3*n - 2*v + 8. Let m(h) = 11 + 2*h**2 + 3*h**2 + 0*h**3 - h - h**3 - 6*h**2. Determine m(n).
11
Suppose 4*m = -m + 20. Let c(k) = k**3 - 3*k**2 - 6*k + 3. Determine c(m).
-5
Suppose 4*n = -3*d - 31, -5*n + 2*n + 2*d = 2. Let v(b) = 2*b + 6. Let r(l) = -l - 2. Let t(a) = 7*r(a) + 2*v(a). What is t(n)?
10
Suppose 3*r = r. Let d(i) = 2 + 0*i**2 - 3*i - 2*i**2 + r + 5*i. Give d(-2).
-10
Suppose -20 = -3*y - 26. Let g(x) = 2*x**2 - x + 2. Calculate g(y).
12
Let h(j) = -j**2 + 5*j - 2. Let a = 5 - 3. Suppose -5*p + 18 = -a*p. Give h(p).
-8
Let k(j) = -j**2. Let f be ((-12)/8)/((-9)/12). Let h(i) = -i**2 + 3*i - 3. Let y be h(f). Determine k(y).
-1
Let b(s) = -s**3 + s**2 - 2*s + 1. Let o(g) = g**2 - 4*g - 3. Let n be o(5). Suppose 3*l + 10 = -5*a + 3*a, n*l + 11 = 3*a. What is b(a)?
-1
Let g(m) = m + 1. Let j = 23 - 26. Determine g(j).
-2
Let r(i) = -i**3 + 7*i**2 - 9*i + 6. Suppose 4*t + 42 = 11*t. Calculate r(t).
-12
Let y(j) = j + 14. Suppose 8*x - 4*x = -28. What is y(x)?
7
Let c(m) be the first derivative of 2*m**2 + 3*m + 5. Determine c(-3).
-9
Let q(s) = 75 + 73 + 2*s - 141. Let i(m) = -6*m**2 - 1. Let n be i(1). Calculate q(n).
-7
Let x(n) = n**3 - 5*n**2 - 7*n + 8. Let a be x(6). Let f(v) be the second derivative of -1/12*v**4 + 1/20*v**5 + a*v - v**2 + 0 + 0*v**3. Determine f(2).
2
Let k(q) = -3*q**3 - 2*q**2 + 2*q - 1. Let u(f) = -2*f**3 - 4*f**2 + 0*f**2 + 5*f - 4*f**3 - f**3 - 1. Let a(j) = -5*k(j) + 2*u(j). Calculate a(-3).
-6
Let c = -17 + 20. Let j(x) = -x - x**3 + 4*x**2 - 2*x + 0*x**3. What is j(c)?
0
Let v(q) = -q. Let b(j) = j. Let a(d) = -6*b(d) - 7*v(d). Let l(n) = -n**2 + n + 1. Let x be l(-2). Let o = -10 - x. Determine a(o).
-5
Let b(t) be the third derivative of 1/60*t**6 + 2*t**2 + 1/15*t**5 + 0 + 0*t + 1/12*t**4 - 1/6*t**3. Give b(-2).
-5
Let p(o) = -o**2 - o + 6. Let c(m) = m**2 + 4*m. Suppose q = 4*q + 2*g + 22, 0 = 2*g + 10. Let s be c(q). What is p(s)?
6
Let b be 2 - 4 - (0 - -3)/1. Let v(z) = 5*z**3 + 2*z**2 - 3*z + 1. Let g(j) = j**3 + j**2 - j. Let w(x) = 6*g(x) - v(x). Determine w(b).
-11
Suppose 0 = -s - s + p - 2, -p = -4*s - 2. Suppose s*r = -2*r. Let m(a) = 4*a**2 - 5*a**2 - 1 + r - 1. Give m(2).
-6
Suppose b + 24 = -3*b. Let o(r) = 5 - r + 1 - 8 - r. Calculate o(b).
10
Let o(i) = i + 5. Let w(p) = -p**2 - 3*p - 5. Let k be w(-3). Calculate o(k).
0
Let d(k) = k**2 - 5*k - 6. Let y be 5 + -5 + 4 + 2. What is d(y)?
0
Let t be ((-4)/6)/(2/6). Let f(w) = -w + 2. What is f(t)?
4
Let f(u) be the first derivative of -u**4/4 + u**3 + u**2/2 - 4*u + 1. Suppose -3*d + 2*d = -2. Suppose 4*n + 18 = 8*n + 3*g, -d*g - 8 = -4*n. Calculate f(n).
-1
Let b(q) = -q**2 - 2*q + 1. Suppose -3*o = -2 - 4. Let x be (3 + -2)*(o + 0). Suppose 3*s = -s - 5*m - 36, -5*s - 12 = -x*m. Give b(s).
-7
Let k(d) = -2*d**3 - d**2 - d + 1. Suppose -3*l + 22 + 14 = 0. Let y = l + -9. Suppose -3*b = 5*f - y*f - 9, -7 = -b - 2*f. What is k(b)?
-3
Let m(q) = q**2 - 4*q + 3. Let h = 8 - 5. What is m(h)?
0
Suppose 2*h + 5 = -5*q - 3*h, -1 = 3*q + h. Suppose -5*w - k + q*k - 34 = 0, 5*w - 3*k = -18. Let i(v) = -v - 12. Determine i(w).
-6
Suppose 0 = -5*k + 5*i + 30, -k + 3*i + 6 = -i. Let o(x) = -3*x + 10. Let c(a) = -6*a + 21. Let h(w) = -2*c(w) + 5*o(w). What is h(k)?
-10
Let d(t) = -4*t - 3. Let c(k) = k + 1. Let x(n) = 14*c(n) + 4*d(n). Let y be x(2). Let b(m) = -m**2 - 4*m - 3. Give b(y).
1
Let c(h) = -4*h - 37. Let s be c(-9). Suppose z - 3 + 2 = 0. Let t(j) = 4*j - 2*j + 0*j - z. Calculate t(s).
-3
Let z(r) = -2*r + 4. Let a(f) = -5*f + 11. Let y(m) = 4*a(m) - 11*z(m). Determine y(3).
6
Let q(i) = 1 + 4*i - i - 5*i. Let a be q(2). Let n(d) = 0*d**2 - d**2 - 3 - 3*d + 0*d**2. Give n(a).
-3
Let n(h) = -h + 2. Let k(c) = -c - 1. Let x(i) = -2*k(i) + n(i). Give x(6).
10
Let g(n) = -2 + 0*n + 0*n**2 - n - n**2. Let u be g(0). Let v(l) = 3*l**3 + 4*l**2 + 3*l + 2. Give v(u).
-12
Let b(j) = -9*j**2 - j - 1. Let i(k) = k**3 - 3*k**2 + 3*k - 3. Let v be (-3)/9 - (-7)/3. Let h be i(v). Give b(h).
-9
Let g = 12 + -12. Let m(p) = 0*p + 2*p**3 - p + g*p. Calculate m(-1).
-1
Let j(h) = -5*h**2 - 2*h + 2. Let m(q) = q**2 - q. Let c(b) = -j(b) - 4*m(b). Calculate c(-6).
-2
Let x(b) be the second derivative of -b**4/12 - b**3 - 7*b**2/2 + 5*b. Give x(-6).
-7
Let h(m) be the second derivative of m**5/20 + m**4/2 - 7*m**2/2 + 2*m. Determine h(-6).
-7
Let m(d) = d**3 - d**2 + d + 5. Suppose -19*v + 17*v = 0. Give m(v).
5
Let x(n) = -2*n**2 + 5*n + 3. Let h be x(3). Let b(d) = d**3 + d**2 + d + 4. What is b(h)?
4
Suppose 5*o + 5 = -5*m, o - 4*m - 6 - 8 = 0. Let h(n) = -4*n - 4 + 2 + 3. Determine h(o).
-7
Let w(c) = -c**3 + 3*c**2 + 2*c - 1. Let b(t) be the second derivative of t**3/6 + 3*t**2 + 2*t. Let g be (1*(2 + 1))/(-1). Let x be b(g). Calculate w(x).
5
Let d(s) = s**2 - 4*s - 5. Let m(b) = 2*b - 2. Let v = -5 - -7. Suppose -15 = -v*l - 3*l. Let i be m(l). What is d(i)?
-5
Let c be (0/(-1))/(-2 - -1). Let a(o) = -o**2 - o + 40. Let d be a(c). Let p be (-10)/45 - d/(-18). Let i(g) = g**3 - g**2 + 2*g + 1. Determine i(p).
9
Let v be (-5)/((-5)/19) + -3. Let k(o) = v*o - 11*o - 4*o - 6. Give k(5).
-1
Let f(a) = -a**3 + 6*a**2 + 7*a - 1. Suppose 0 = -3*h + 9 + 12. Let o be f(h). Let w(c) = -7*c**3 + c + 1. Determine w(o).
7
Let z(d) = d**3 + 9*d**2 + 8*d - 3. Let l(h) = 4*h. Let j be l(-2). Let i be z(j). Let t(c) = c**2 + 5*c + 2. Calculate t(i).
-4
Let z(u) = 3 + 0 - u**2 + 1 - 6*u. Suppose 15 = 3*y - 6*y. Determine z(y).
9
Let d(x) = x - 10. Let n(i) = 2*i - 11. Let s(u) = -5*d(u) + 4*n(u). What is s(-6)?
-12
Let d = 3 + 1. Let a(v) = -v + 2. Let w be a(d). Let p(r) = 1 + 4*r**3 - 3*r**3 - 2*r - 3. Calculate p(w).
-6
Let c(t) be the second derivative of -t**5/20 + 5*t**4/12 - t**3/2 + t**2 + 2*t. Let w(k) = -4*k - 21. Let r be w(-6). Determine c(r).
11
Let k be (48/(-30))/(2/(-5)). Let z(q) = q - k + 1 - 3 + 0. Give z(5).
-1
Let n(c) be the third derivative of -c**6/120 - c**5/15 + c**4/24 - 2*c**3/3 + 3*c**2. Calculate n(-5).
16
Let f(m) be the third derivative of -m**4/8 + 2*m**3/3 - m**2. Let j(x) = x**3 - 5*x + 5. Let p be j(2). Give f(p).
-5
Let o(w) be the second derivative of w**5/20 - 5*w**4/12 + w**3/6 - 7*w**2/2 + 8*w. Give o(5).
-2
Let d be (24/(-18))/((-2)/(-3)). Let s(l) = -6*l - 5. Let g(x) = -31*x - 26. Let r(n) = d*g(n) + 11*s(n). Let f be (2/6 + -1)*3. Calculate r(f).
5
Suppose 5*h = 3 + 7. Suppose -h*w = 5*d - 18, -d + 3 = -w - 2. Let r(m) = m**3 - 5*m**2 + 1. Calculate r(d).
-15
Suppose -2*b - 6 = -4, 2*b = -2*z + 4. Let m(n) = n - 5*n**2 - z*n**2 - 3 + 4*n**2 + 5*n**2. Give m(0).
-3
Let q(r) be the second derivative of 13*r**3/6 + r**2/2 - 31*r. Give q(2).
27
Suppose 0 = -3*t - 1 - 8. Let c(y) = -y**2 - 2*y - 2. Determine c(t).
-5
Let c(j) = -j + 7. Let a